In base 3, what is 210112120 - 1012?
210111101
In base 6, what is 542403 - 3?
542400
In base 4, what is -11 + -2210203?
-2210220
In base 10, what is 182 + -67?
115
In base 14, what is -2a0 + 5?
-299
In base 16, what is -e + -1b8cc?
-1b8da
In base 12, what is 0 - 3a36?
-3a36
In base 4, what is -10 - 132023300?
-132023310
In base 9, what is 4 + 1464?
1468
In base 3, what is 2200120101 + -110?
2200112221
In base 6, what is 3 + 244251?
244254
In base 5, what is 2 + 103100?
103102
In base 8, what is -5614 - 20?
-5634
In base 16, what is -3 - 90d?
-910
In base 10, what is -2 + 280526?
280524
In base 8, what is 130552 - -30?
130602
In base 9, what is -1072 + 3?
-1068
In base 3, what is -110 - 20012011201?
-20012012011
In base 13, what is 5 - -711a7?
711ac
In base 2, what is 10 + -10110000111001001?
-10110000111000111
In base 15, what is 18 - 1cbb7?
-1cb9e
In base 11, what is -172 + -9?
-180
In base 14, what is -b46 - 167?
-cad
In base 6, what is -5 + 1300310?
1300301
In base 4, what is 31230 + 30?
31320
In base 6, what is 13 + -131?
-114
In base 3, what is -1121012212 - 10?
-1121012222
In base 13, what is 244 - 41?
203
In base 11, what is -23 + 140539?
140516
In base 15, what is -3 - -2b931?
2b92d
In base 16, what is -8849a - 2?
-8849c
In base 9, what is -4 + 55663?
55658
In base 3, what is 10021010200 - 100?
10021010100
In base 6, what is -104023 - 43?
-104110
In base 15, what is -2aa2b + 11?
-2aa1a
In base 13, what is -2 - -1225cb?
1225c9
In base 4, what is -10 + 2111010?
2111000
In base 5, what is -123 - 2114?
-2242
In base 7, what is 1 - 102616?
-102615
In base 7, what is -16 - 200046?
-200065
In base 15, what is 42 - 536?
-4e4
In base 13, what is 1466 + -49?
141a
In base 7, what is -23332 - -5?
-23324
In base 14, what is 1332 - -1?
1333
In base 4, what is 1232133 - 120?
1232013
In base 13, what is 4bca0 - -1?
4bca1
In base 4, what is -310 - -122?
-122
In base 12, what is -344 + -229?
-571
In base 15, what is 1aa6 + -15?
1a91
In base 2, what is 111011011 + -101100?
110101111
In base 11, what is -3 + -228100?
-228103
In base 4, what is 3 - 3132302?
-3132233
In base 2, what is 110101100111001 - -110000?
110101101101001
In base 12, what is -1b8 - -a6?
-112
In base 12, what is 1971 - 201?
1770
In base 15, what is 2bc - 2b6?
6
In base 4, what is 302 + -1033?
-131
In base 10, what is -6 + -5832?
-5838
In base 15, what is 4 - 18ec7?
-18ec3
In base 4, what is 2032210 + 1?
2032211
In base 16, what is d77 - 57?
d20
In base 8, what is -1710 - 2316?
-4226
In base 10, what is 393 + 4370?
4763
In base 11, what is 7 + 15421?
15428
In base 14, what is -1 - -24876c?
24876b
In base 8, what is 1154172 + 5?
1154177
In base 16, what is 3385f - 3?
3385c
In base 10, what is 7748 + -81?
7667
In base 14, what is 0 - 17c3d?
-17c3d
In base 2, what is 1101100110000 - 1110?
1101100100010
In base 16, what is -9ba + -1e?
-9d8
In base 12, what is 2b - 3325?
-32b6
In base 8, what is -7 - -202231?
202222
In base 5, what is 1001241 + -200?
1001041
In base 14, what is 1ab - -2c8?
495
In base 13, what is 8b85b1 - 1?
8b85b0
In base 14, what is -b019 + 0?
-b019
In base 13, what is 131b + -444?
ba7
In base 14, what is 5 + 16754?
16759
In base 3, what is 20102 - 101212221?
-101122112
In base 5, what is 0 + -13002?
-13002
In base 16, what is d2 + 162?
234
In base 13, what is 27b7 + 33?
281a
In base 8, what is -36734 - 10?
-36744
In base 6, what is -432 + -5212?
-10044
In base 5, what is 1302414414 - 1?
1302414413
In base 5, what is 201 - -21410?
22111
In base 8, what is -54542 + 44?
-54476
In base 16, what is 4aa8 - -18?
4ac0
In base 13, what is -22 - 10c9?
-111b
In base 11, what is -8 + -1291?
-1299
In base 7, what is -3 - 1006060?
-1006063
In base 2, what is -101 + 10100101011010?
10100101010101
In base 4, what is 30021 + -131231?
-101210
In base 3, what is -1110 - -210022?
201212
In base 6, what is 3213 - -24252?
31505
In base 16, what is -a8fa - 5?
-a8ff
In base 7, what is 2 - -5542031?
5542033
In base 15, what is 115a4 + 0?
115a4
In base 13, what is 2 + 1c758?
1c75a
In base 12, what is 12 + -2072?
-2060
In base 10, what is 10 + -47934?
-47924
In base 2, what is 1001001110110110 - -1010?
1001001111000000
In base 3, what is -200100 + -2222?
-210022
In base 5, what is -2403213 + -13?
-2403231
In base 4, what is 210130 - -11?
210201
In base 6, what is 1 + -2110?
-2105
In base 7, what is -150 + -54261?
-54441
In base 2, what is -11011000001 + -11?
-11011000100
In base 15, what is 59d04 + -5?
59cee
In base 7, what is -20455 - 123?
-20611
In base 9, what is 124 - -3640?
3764
In base 13, what is -2 + -1abc63?
-1abc65
In base 15, what is -46 - -c87?
c41
In base 9, what is -5 + -312415?
-312421
In base 9, what is 117 + -2648?
-2531
In base 7, what is -140 + -1060?
-1230
In base 9, what is -102 + 5454?
5352
In base 15, what is 3035 - 52?
2ed3
In base 7, what is -24 - 36515?
-36542
In base 15, what is -249 - 34?
-27d
In base 4, what is 3 - 13123032?
-13123023
In base 2, what is -1000110001010 + 0?
-1000110001010
In base 12, what is -2 + -79656?
-79658
In base 13, what is -11 - -c55?
c44
In base 16, what is bc + -2715?
-2659
In base 3, what is 2200101212 - -20?
2200102002
In base 5, what is -12014 + 23312?
11243
In base 3, what is -1 - -1022202221?
1022202220
In base 8, what is 1164 + 163?
1347
In base 4, what is 2130212131 - 1?
2130212130
In base 6, what is -111 + -1121020?
-1121131
In base 3, what is 10 + 2001001121?
2001001201
In base 2, what is -111100101101 + -1?
-111100101110
In base 12, what is -2 + -a4422?
-a4424
In base 14, what is -1c22 - 1?
-1c23
In base 11, what is 14708 + 6?
14713
In base 11, what is -1 + -93475?
-93476
In base 7, what is -11 + -6212?
-6223
In base 3, what is -1002212 - -122?
-1002020
In base 11, what is -22 - 9074a?
-90771
In base 9, what is -132070 + 4?
-132065
In base 6, what is -33551 - 23?
-34014
In base 2, what is 1110101000110 + 11010?
1110101100000
In base 16, what is -3ae + -210?
-5be
In base 6, what is 330243 - 130?
330113
In base 4, what is -100132330 - 0?
-100132330
In base 15, what is -3 + -aeb8?
-aebb
In base 5, what is -10110 - 33?
-10143
In base 13, what is 4 + -4801a2?
-48019b
In base 13, what is 1 + 59935?
59936
In base 9, what is 5 + 13065?
13071
In base 13, what is 5 + -1b4?
-1ac
In base 15, what is 14a133 - -5?
14a138
In base 12, what is 2 + -62757?
-62755
In base 9, what is -5 + 130440?
130434
In base 15, what is 19 + -eadc?
-eac3
In base 11, what is 124 - 904?
-790
In base 10, what is 1 + -26053?
-26052
In base 12, what is 12 - b77?
-b65
In base 9, what is 0 - 1836?
-1836
In base 6, what is -32130 + -13?
-32143
In base 14, what is -156 + -49?
-1a1
In base 11, what is -2370 - -654?
-1817
In base 2, what is 1011000010 + 111011?
1011111101
In base 11, what is 18a - 1?
189
In base 14, what is 980a + -2d?
97bb
In base 7, what is -1 + -2124162?
-2124163
In base 3, what is -2222 + -10011?
-20010
In base 2, what is 100110011100 + 101001011?
101011100111
In base 2, what is 11011000100000000101111 + 101?
11011000100000000110100
In base 16, what is e3 - -156?
239
In base 12, what is -4a7 - 5?
-4b0
In base 5, what is -124220104 + 2?
-124220102
In base 6, what is 5332 + 233?
10005
In base 13, what is 4 - 479a?
-4796
In base 2, what is -11000101 + 101010100100110?
101010001100001
In base 2, what is 10 - -10000001000110?
10000001001000
In base 15, what is -18 - -7c?
64
In base 7, what is -3 - 16443434?
-16443440
In base 2, what is -10011 - -1111111111?
1111101100
In base 13, what is -5137 + 5a?
-50aa
In base 16, what is -6b1b + -1?
-6b1c
In base 4, what is -302121203 - -3?
-302121200
In base 4, what is 0 + 1000321?
1000321
In base 2, what is 10001010110001 + 111?
10001010111000
In base 3, what is 112002 + 100000?
212002
In base 3, what is -1110000211 - -121?
-1110000020
In base 7, what is 21050 - 245?
20502
In base 9, what is -246683 - -4?
-246678
In base 11, what is -27030 - 4?
-27034
In base 16, what is df + -aa9?
-9ca
In base 10, what is -419 - -2?
-417
In base 6, what is 35135 + 3?
35142
In base 11, what is 243 - 5944?
-5701
In base 5, what is 2121011 - -23?
2121034
In base 5, what is -304443 + 4?
-304434
In base 9, what is 17288 - -11?
17310
In base 6, what is 5 + -22044421?
-22044412
In base 6, what is 105 + 1121?
1230
In base 2, what is 1011000 -